f 1350 and 79600?
50
Calculate the highest common divisor of 105732 and 1980.
396
What is the highest common factor of 3689 and 11186?
119
Calculate the highest common factor of 100 and 10550.
50
What is the greatest common divisor of 4155 and 46635?
15
Calculate the highest common factor of 63382 and 9581.
737
Calculate the highest common factor of 663 and 723.
3
Calculate the highest common divisor of 243 and 323190.
243
Calculate the greatest common factor of 85 and 2835005.
85
Calculate the greatest common divisor of 99536 and 552.
8
What is the greatest common divisor of 60 and 122790?
30
Calculate the greatest common factor of 183199 and 58141.
1097
What is the greatest common factor of 91 and 28288?
13
Calculate the greatest common factor of 264 and 181698.
66
What is the greatest common divisor of 10759 and 1624?
203
What is the greatest common divisor of 22 and 421454?
22
What is the greatest common factor of 265 and 443875?
265
Calculate the greatest common factor of 8390 and 125011.
839
What is the highest common factor of 4030 and 22450?
10
Calculate the greatest common factor of 114285 and 6840.
285
What is the highest common divisor of 69088 and 18632?
136
What is the greatest common factor of 14 and 38955?
7
Calculate the highest common factor of 1920 and 66900.
60
What is the greatest common divisor of 98483 and 154?
77
Calculate the greatest common divisor of 6413545 and 95.
95
Calculate the highest common divisor of 241012 and 25726.
1354
Calculate the greatest common factor of 176 and 192324.
44
Calculate the greatest common divisor of 562379 and 761.
761
What is the greatest common factor of 388 and 5072?
4
Calculate the highest common factor of 34376 and 24.
8
Calculate the greatest common factor of 12 and 21000972.
12
Calculate the highest common factor of 942792 and 60.
12
What is the highest common divisor of 826977 and 366?
183
Calculate the highest common factor of 817 and 570051.
43
What is the greatest common factor of 37215 and 405?
45
What is the highest common divisor of 69606 and 14634?
54
What is the greatest common divisor of 969990 and 15?
15
What is the greatest common factor of 60 and 455040?
60
What is the greatest common divisor of 3243 and 4968?
69
What is the greatest common divisor of 1010 and 40?
10
What is the greatest common divisor of 5267 and 146789?
229
Calculate the greatest common divisor of 36966 and 6262.
202
What is the highest common divisor of 990 and 243870?
330
Calculate the highest common factor of 4896 and 583920.
144
Calculate the highest common factor of 210 and 56.
14
What is the greatest common divisor of 50 and 1122?
2
What is the greatest common factor of 32 and 444540?
4
What is the greatest common factor of 93746 and 1634?
38
Calculate the greatest common factor of 217496 and 1612.
124
Calculate the greatest common divisor of 82176 and 2048.
256
Calculate the highest common divisor of 5646500 and 460.
460
What is the greatest common factor of 432 and 142344?
216
What is the greatest common divisor of 632 and 748762?
158
Calculate the greatest common factor of 8 and 254928.
8
Calculate the greatest common factor of 23862 and 738.
246
Calculate the highest common factor of 92148 and 648.
12
What is the greatest common factor of 3652 and 550124?
332
Calculate the greatest common divisor of 940 and 3572.
188
Calculate the highest common divisor of 102424 and 4012.
236
What is the highest common divisor of 48 and 11056?
16
Calculate the greatest common factor of 46220 and 740.
20
Calculate the greatest common divisor of 10908676 and 313.
313
Calculate the highest common divisor of 464 and 21779.
29
What is the highest common factor of 16844 and 136?
4
What is the greatest common factor of 141009 and 33?
33
What is the highest common factor of 27100 and 1897?
271
Calculate the highest common factor of 2012808 and 420.
84
What is the highest common divisor of 40 and 21460?
20
Calculate the highest common divisor of 45 and 11034.
9
What is the greatest common factor of 850599 and 87?
87
What is the greatest common divisor of 10649 and 6019?
463
What is the greatest common factor of 63396 and 540?
108
Calculate the greatest common divisor of 129675 and 78.
39
What is the greatest common factor of 2449 and 3968?
31
Calculate the greatest common divisor of 71 and 272143.
71
Calculate the highest common factor of 612145 and 115.
115
Calculate the greatest common divisor of 436890 and 60.
30
Calculate the greatest common divisor of 61438 and 96798.
442
What is the greatest common divisor of 1080 and 25326?
54
Calculate the highest common divisor of 1000 and 175200.
200
Calculate the greatest common divisor of 19 and 203129.
19
What is the highest common factor of 2025 and 6?
3
What is the highest common divisor of 90 and 2022120?
90
Calculate the greatest common divisor of 28 and 1079246.
14
Calculate the greatest common divisor of 135254 and 56.
14
Calculate the greatest common divisor of 4852042 and 236.
118
What is the highest common factor of 14214 and 228804?
138
What is the greatest common divisor of 72 and 25758?
18
Calculate the greatest common divisor of 15019 and 12407.
653
What is the greatest common factor of 962833 and 101?
101
Calculate the highest common factor of 11086 and 230.
46
What is the highest common factor of 1021 and 4850771?
1021
What is the highest common divisor of 270075 and 1560?
195
What is the greatest common factor of 135 and 58995?
135
What is the highest common divisor of 4302 and 144?
18
Calculate the greatest common divisor of 148111 and 111.
37
What is the greatest common divisor of 776 and 7663?
97
What is the greatest common divisor of 116686 and 410?
82
Calculate the greatest common factor of 415210 and 10.
10
What is the greatest common factor of 28 and 9016798?
14
What is the highest common divisor of 1506054 and 1045?
209
What is the greatest common divisor of 3470 and 14655545?
1735
Calculate the highest common factor of 951 and 170863.
317
What is the greatest common divisor of 50150 and 181900?
850
What is the highest common factor of 161650 and 244?
122
Calculate the greatest common divisor of 5363 and 12283.
173
What is the greatest common factor of 100 and 34150?
50
What is the highest common divisor of 133 and 763021?
133
What is the greatest common factor of 1742 and 1846?
26
What is the greatest common factor of 30 and 13367890?
10
What is the greatest common factor of 71466 and 42?
6
Calculate the highest common divisor of 27032 and 34100.
124
What is the highest common divisor of 19200 and 2025?
75
What is the highest common factor of 4298400 and 2388?
2388
Calculate the highest common divisor of 95161 and 345829.
2321
Calculate the greatest common factor of 52 and 152542.
26
What is the highest common factor of 958785 and 30?
15
Calculate the highest common divisor of 300150 and 2550.
150
Calculate the highest common divisor of 470 and 906536.
94
Calculate the highest common divisor of 1180 and 2870940.
1180
What is the highest common divisor of 300 and 2900?
100
What is the highest common divisor of 37710 and 760?
10
Calculate the greatest common factor of 4625 and 111.
37
Calculate the highest common divisor of 324 and 38799.
81
Calculate the highest common factor of 1799 and 448.
7
What is the greatest common factor of 137 and 830494?
137
Calculate the greatest common factor of 19 and 9226058.
19
Calculate the greatest common divisor of 2425 and 695.
5
What is the greatest common divisor of 60053 and 77?
7
What is the greatest common divisor of 571655 and 5?
5
What is the greatest common factor of 66254 and 9706?
422
Calculate the greatest common factor of 3 and 19281.
3
Calculate the highest common divisor of 15820 and 15.
5
Calculate the greatest common factor of 38605 and 105.
35
What is the highest common divisor of 87351 and 352?
11
Calculate the highest common factor of 3432247 and 364.
91
Calculate the highest common factor of 267890 and 89.
89
What is the highest common factor of 77 and 448?
7
What is the highest common divisor of 5628 and 36?
12
Calculate the greatest common divisor of 34864 and 984.
8
What is the greatest common divisor of 10064 and 144?
16
What is the greatest common divisor of 7072 and 35581?
221
Ca